{"id":1023,"date":"2020-06-24T20:35:07","date_gmt":"2020-06-24T20:35:07","guid":{"rendered":"https:\/\/loveeventos.es\/?page_id=1023"},"modified":"2021-09-20T15:02:07","modified_gmt":"2021-09-20T15:02:07","slug":"diseno-grafico","status":"publish","type":"page","link":"https:\/\/loveeventos.es\/?page_id=1023","title":{"rendered":"dise\u00f1o gr\u00e1fico"},"content":{"rendered":"\n<h4 class=\"has-text-color wp-block-heading\" style=\"color:#eeb1ae\">dise\u00f1o gr\u00e1fico<\/h4>\n\n\n\n<p><strong>\u00abLa imprenta es un ejercito de 26 soldados se plomo con el que se puede cambiar el mundo\u00bb <\/strong>Johan Gutenberg<\/p>\n\n\n\n<p class=\"has-text-color has-large-font-size\" style=\"color:#eeb1ae\"><strong>\u00bfEmpezamos? \u00bfDamos color a tu papel en blanco?<\/strong><\/p>\n\n\n\n<p>Cualquier evento empieza plasmado en un papel. En <strong>LOVE EVENTOS<\/strong> contamos con una dise\u00f1adora gr\u00e1fica especial para ti, Silvia es creativa y con mucha imaginaci\u00f3n.<\/p>\n\n\n\n<p class=\"has-text-color has-large-font-size\" style=\"color:#eeb1ae\"><strong>\u00bfQuieres algo \u00fanico, elegante y personal? \u00bfTienes alguna idea pero no sabes como plasmarla?<\/strong><\/p>\n\n\n\n<p><strong>Juntos <\/strong>comenzaremos a crear tu logo, tarjetas de invitados, men\u00fas, sitting, \u00e1lbum de firmas, marcap\u00e1ginas, invitaciones de cumplea\u00f1os, y todo el soporte gr\u00e1fico que necesites, siguiendo el mismo hilo conductor con tu estilo y personalidad.<\/p>\n\n\n\n<figure class=\"wp-block-image size-large\"><img decoding=\"async\" src=\"https:\/\/loveeventos.es\/wp-content\/uploads\/2020\/07\/IMG_20200706_100118-2-772x1024.jpg\" alt=\"\" class=\"wp-image-1082\"\/><\/figure>\n\n\n\n<p>BODA<\/p>\n\n\n\n<figure class=\"wp-block-image size-large\"><img loading=\"lazy\" decoding=\"async\" width=\"768\" height=\"1024\" src=\"https:\/\/loveeventos.es\/wp-content\/uploads\/2020\/07\/IMG_20200708_141301-1-768x1024.jpg\" alt=\"\" class=\"wp-image-1109\" srcset=\"https:\/\/loveeventos.es\/wp-content\/uploads\/2020\/07\/IMG_20200708_141301-1-768x1024.jpg 768w, https:\/\/loveeventos.es\/wp-content\/uploads\/2020\/07\/IMG_20200708_141301-1-225x300.jpg 225w, https:\/\/loveeventos.es\/wp-content\/uploads\/2020\/07\/IMG_20200708_141301-1-1152x1536.jpg 1152w, https:\/\/loveeventos.es\/wp-content\/uploads\/2020\/07\/IMG_20200708_141301-1-1536x2048.jpg 1536w, https:\/\/loveeventos.es\/wp-content\/uploads\/2020\/07\/IMG_20200708_141301-1-scaled.jpg 1920w\" sizes=\"auto, (max-width: 768px) 100vw, 768px\" \/><\/figure>\n\n\n\n<figure class=\"wp-block-image size-large\"><img loading=\"lazy\" decoding=\"async\" width=\"768\" height=\"1024\" src=\"https:\/\/loveeventos.es\/wp-content\/uploads\/2020\/07\/IMG_20200706_101414-2-768x1024.jpg\" alt=\"\" class=\"wp-image-1089\" srcset=\"https:\/\/loveeventos.es\/wp-content\/uploads\/2020\/07\/IMG_20200706_101414-2-768x1024.jpg 768w, https:\/\/loveeventos.es\/wp-content\/uploads\/2020\/07\/IMG_20200706_101414-2-225x300.jpg 225w, https:\/\/loveeventos.es\/wp-content\/uploads\/2020\/07\/IMG_20200706_101414-2-1152x1536.jpg 1152w, https:\/\/loveeventos.es\/wp-content\/uploads\/2020\/07\/IMG_20200706_101414-2-1536x2048.jpg 1536w, https:\/\/loveeventos.es\/wp-content\/uploads\/2020\/07\/IMG_20200706_101414-2-scaled.jpg 1920w\" sizes=\"auto, (max-width: 768px) 100vw, 768px\" \/><\/figure>\n\n\n\n<p> Personalizando cada evento.<\/p>\n\n\n\n<figure class=\"wp-block-image size-large\"><img decoding=\"async\" src=\"blob:https:\/\/loveeventos.es\/fa138db8-aa30-4556-912b-44e2d366eccb\" alt=\"\"\/><\/figure>\n\n\n\n<p>COMUNI\u00d3N<\/p>\n\n\n\n<figure class=\"wp-block-image size-large\"><img loading=\"lazy\" decoding=\"async\" width=\"768\" height=\"1024\" src=\"https:\/\/loveeventos.es\/wp-content\/uploads\/2021\/09\/COMUNION-INGRID-768x1024.jpg\" alt=\"\" class=\"wp-image-1366\" srcset=\"https:\/\/loveeventos.es\/wp-content\/uploads\/2021\/09\/COMUNION-INGRID-768x1024.jpg 768w, https:\/\/loveeventos.es\/wp-content\/uploads\/2021\/09\/COMUNION-INGRID-225x300.jpg 225w, https:\/\/loveeventos.es\/wp-content\/uploads\/2021\/09\/COMUNION-INGRID-1152x1536.jpg 1152w, https:\/\/loveeventos.es\/wp-content\/uploads\/2021\/09\/COMUNION-INGRID-1536x2048.jpg 1536w, https:\/\/loveeventos.es\/wp-content\/uploads\/2021\/09\/COMUNION-INGRID-scaled.jpg 1920w\" sizes=\"auto, (max-width: 768px) 100vw, 768px\" \/><\/figure>\n\n\n\n\n\n<figure class=\"wp-block-gallery columns-0 is-cropped wp-block-gallery-1 is-layout-flex wp-block-gallery-is-layout-flex\"><ul class=\"blocks-gallery-grid\"><\/ul><\/figure>\n","protected":false},"excerpt":{"rendered":"<p>dise\u00f1o gr\u00e1fico \u00abLa imprenta es un ejercito de 26 soldados se plomo con el que se puede cambiar el mundo\u00bb Johan Gutenberg \u00bfEmpezamos? \u00bfDamos color a tu papel en blanco? Cualquier evento empieza plasmado en un papel. En LOVE EVENTOS contamos con una dise\u00f1adora gr\u00e1fica especial para ti, Silvia es creativa y con mucha imaginaci\u00f3n. [&hellip;]<\/p>\n","protected":false},"author":1,"featured_media":0,"parent":0,"menu_order":0,"comment_status":"closed","ping_status":"closed","template":"","meta":{"_genesis_hide_title":false,"_genesis_hide_breadcrumbs":false,"_genesis_hide_singular_image":false,"_genesis_hide_footer_widgets":false,"_genesis_custom_body_class":"","_genesis_custom_post_class":"","_genesis_layout":"","footnotes":""},"class_list":{"0":"post-1023","1":"page","2":"type-page","3":"status-publish","5":"entry"},"_links":{"self":[{"href":"https:\/\/loveeventos.es\/index.php?rest_route=\/wp\/v2\/pages\/1023","targetHints":{"allow":["GET"]}}],"collection":[{"href":"https:\/\/loveeventos.es\/index.php?rest_route=\/wp\/v2\/pages"}],"about":[{"href":"https:\/\/loveeventos.es\/index.php?rest_route=\/wp\/v2\/types\/page"}],"author":[{"embeddable":true,"href":"https:\/\/loveeventos.es\/index.php?rest_route=\/wp\/v2\/users\/1"}],"replies":[{"embeddable":true,"href":"https:\/\/loveeventos.es\/index.php?rest_route=%2Fwp%2Fv2%2Fcomments&post=1023"}],"version-history":[{"count":23,"href":"https:\/\/loveeventos.es\/index.php?rest_route=\/wp\/v2\/pages\/1023\/revisions"}],"predecessor-version":[{"id":1367,"href":"https:\/\/loveeventos.es\/index.php?rest_route=\/wp\/v2\/pages\/1023\/revisions\/1367"}],"wp:attachment":[{"href":"https:\/\/loveeventos.es\/index.php?rest_route=%2Fwp%2Fv2%2Fmedia&parent=1023"}],"curies":[{"name":"wp","href":"https:\/\/api.w.org\/{rel}","templated":true}]}}